k) = 4*k**3 - 88*k**2 + 18*k + 62. Calculate n(22).
458
Let s(n) = 4*n**3 - 166*n**2 + 87*n - 159. What is s(41)?
46
Let y(w) = 119172*w + 3813511. Give y(-32).
7
Let a(g) = -7*g**2 + 317*g + 1123. Calculate a(47).
559
Let s(p) = -p**3 + 372*p**2 - 9328*p + 4484. Give s(345).
-1
Let s(p) = -54*p**3 + 66*p**2 + 68*p + 3. Give s(-1).
55
Let v(f) = 3*f**3 + 86*f**2 - 20*f - 155. Give v(-29).
-416
Let i(m) = -785372*m + 2356085. Calculate i(3).
-31
Let g(s) = 2*s**2 - 414*s - 3304194. Give g(-1186).
2
Let l(m) = 2207*m**3 + 3*m**2 + 352*m - 354. What is l(1)?
2208
Let k(x) = -2*x**2 + 93950*x - 281844. Calculate k(3).
-12
Let r(o) = 14*o**3 + 108*o**2 + 8*o + 28. What is r(-8)?
-292
Let x(p) = -6259*p - 920054. Determine x(-147).
19
Let x(s) = s**3 + 3*s**2 - 10*s + 12. Determine x(-5).
12
Let s(r) = -r**3 - 63*r**2 + 726*r - 81. What is s(10)?
-121
Let a(p) = -6241*p + 337019. Determine a(54).
5
Let r(f) = f**3 - 4*f**2 - 151*f + 822. Determine r(11).
8
Let h(k) = 9*k**2 + 222*k - 141. Calculate h(-26).
171
Let v(l) = -32165*l - 836299. Determine v(-26).
-9
Let c(j) = 181*j - 52711. What is c(292)?
141
Let g(d) = 13977*d - 153754. Calculate g(11).
-7
Let w(v) = 3*v**2 + 49016*v + 930221. Determine w(-19).
0
Let a(f) = 2*f**3 + 10*f**2 - 532*f - 2642. Determine a(-5).
18
Let v(f) = -f**3 + 266*f**2 + 272*f - 1233. Give v(267).
102
Let a(i) = 1236504*i - 9892029. What is a(8)?
3
Let h(o) = -16759*o - 16781. Give h(-1).
-22
Let h(r) = -r**3 + 20*r**2 - 119*r + 80. Calculate h(11).
-140
Let k(d) = -d**3 + 38*d**2 - 51*d + 512. Calculate k(37).
-6
Let i(p) = -p**3 + 18*p**2 + 1076*p - 75. Calculate i(43).
-32
Let z(i) = -i**3 - 4*i**2 - 608*i - 4406. Calculate z(-7).
-3
Let b(t) = -5350*t + 133980. Determine b(25).
230
Let a(c) = -29*c**2 - 1243*c + 93078. Calculate a(-82).
8
Let b(q) = 46283*q - 2638142. Calculate b(57).
-11
Let g(f) = 301*f - 7417. Calculate g(24).
-193
Let t(y) = y**2 + 1209*y - 115517. Give t(89).
5
Let q(s) = 4*s**3 + 213*s**2 - 1153*s - 2960. Determine q(-58).
-2
Let h(f) = 3*f**3 - 45*f**2 + 29*f + 401. Determine h(14).
219
Let l(k) = k**3 + 68*k**2 + 53*k - 1663. Determine l(-67).
-725
Let m(u) = 50*u**2 + 6171*u - 235474. Give m(-154).
-8
Let v(x) = -x**2 + 592631*x - 4740986. Give v(8).
-2
Let h(j) = -j**2 + 88*j - 2211. Determine h(44).
-275
Let a(p) = 142755*p + 2855103. What is a(-20)?
3
Let l(r) = r**3 - 69*r**2 - 3065*r + 21844. Calculate l(98).
-10
Let u(l) = -1215390*l - 25523184. Calculate u(-21).
6
Let f(p) = 26*p**2 - 2310*p - 12605. Give f(94).
-9
Let v(j) = 173*j**2 - 6431*j + 13154. Determine v(35).
-6
Let z(f) = 2*f**2 - 113*f + 1480. Give z(30).
-110
Let w(a) = -568*a + 1288. What is w(3)?
-416
Let d(s) = -3*s**2 - 209*s - 1176. What is d(-17)?
1510
Let x(k) = 2*k**3 + 1498*k**2 - 12093*k + 14367. Calculate x(-757).
-16
Let s(f) = 25878*f + 103603. Determine s(-4).
91
Let z(v) = v**2 + 33*v - 18129. Give z(114).
-1371
Let c(n) = 2833*n - 7876. Give c(4).
3456
Let z(b) = 93078*b + 1023863. Give z(-11).
5
Let y(r) = 309*r + 3583. What is y(-13)?
-434
Let o(j) = 12*j**2 - 436*j - 2587. Determine o(-6).
461
Let j(f) = -6*f**3 + 1231*f**2 + 1010*f + 4130. Determine j(206).
10
Let y(f) = -332*f**3 - 3*f**2 + 4*f - 3. Determine y(1).
-334
Let j(i) = 208*i**2 + 3169*i + 731. What is j(-15)?
-4
Let g(k) = 164495*k - 657982. Give g(4).
-2
Let h(q) = 55*q**2 + 946*q - 3789. Determine h(4).
875
Let w(r) = -518*r**2 + 44969*r + 8433. Determine w(87).
-6
Let t(a) = -a**2 + 724*a + 16721. Give t(-22).
309
Let o(m) = -m**3 + 41*m**2 - 311*m - 5. What is o(10)?
-15
Let s(f) = -17*f**2 + 508*f + 588. Give s(16).
4364
Let w(x) = -2297*x - 1731946. Determine w(-754).
-8
Let c(r) = r**2 - 3121*r + 86613. What is c(28)?
9
Let f(p) = -p**3 - p**2 - 779*p + 3105. What is f(4)?
-91
Let r(a) = -7977*a + 207418. Calculate r(26).
16
Let l(d) = -2*d**3 + 98*d**2 - 888*d - 7498. What is l(24)?
-10
Let p(u) = -84*u + 1655. Give p(7).
1067
Let l(z) = -57810*z - 4451359. Calculate l(-77).
11
Let p(l) = 78294*l - 391445. Give p(5).
25
Let j(i) = 36*i**2 - 814*i - 28. Give j(22).
-512
Let k(n) = 2*n**3 + 906*n**2 + 2724*n + 10800. Determine k(-450).
0
Let t(f) = 14*f**2 + 223*f - 4700. Determine t(12).
-8
Let u(p) = 3411*p + 336. Calculate u(0).
336
Let n(l) = -7*l**2 - 893*l - 1571. Give n(-121).
3995
Let b(p) = -p**3 + 51*p**2 - 465*p + 1101. What is b(4)?
-7
Let k(m) = -3282*m + 59223. Calculate k(18).
147
Let b(a) = -a**2 - 2067*a + 1531975. Calculate b(579).
-59
Let b(w) = w**3 - 34*w**2 - 247*w + 3562. Determine b(38).
-48
Let f(y) = -178*y - 6080. Determine f(-42).
1396
Let a(d) = -d**3 - 56*d**2 - 771*d + 291. Determine a(-24).
363
Let r(u) = -2*u**3 - 430*u**2 + 7890*u + 208. Give r(-232).
-256
Let d(a) = -2*a**2 - 60*a + 876. What is d(13)?
-242
Let i(c) = 10404*c**2 + 31221*c - 38. Give i(-3).
-65
Let c(r) = r**2 + 643*r - 743991. Determine c(599).
-33
Let g(u) = 3841*u - 53891. Determine g(14).
-117
Let u(y) = 24*y**2 - 268*y - 73. Calculate u(12).
167
Let b(j) = -2*j**2 - 53*j - 446. What is b(-9)?
-131
Let g(y) = 2324*y + 12729. What is g(-5)?
1109
Let z(c) = -71430*c + 214263. What is z(3)?
-27
Let x(p) = -2*p**3 + 106*p**2 - 89*p - 224. Calculate x(52).
556
Let s(v) = -74756*v + 44704086. What is s(598)?
-2
Let w(h) = -280*h**2 + 291482*h - 2080. Give w(1041).
2
Let m(g) = -95*g + 6719. Give m(70).
69
Let r(q) = -3*q**3 + 67*q**2 - 5*q + 12. Determine r(4).
872
Let j(u) = u**3 + 46*u**2 + 324*u - 73. Give j(-9).
8
Let y(p) = -p**2 + 183*p - 912. What is y(5)?
-22
Let l(w) = -512*w**3 - 3584*w**2 - w + 9. Give l(-7).
16
Let g(m) = 11532*m - 496673. Calculate g(43).
-797
Let a(v) = -v**2 - 1575*v + 315975. Give a(180).
75
Let z(x) = -x**2 + 20*x + 19530. Determine z(150).
30
Let r(i) = 767*i + 49176. Calculate r(-64).
88
Let z(r) = 3504*r + 1447142. What is z(-413)?
-10
Let d(h) = -h**3 + 405*h**2 - 14275*h + 45. Calculate d(39).
6
Let l(n) = -n**2 + 312*n + 2836. Calculate l(-9).
-53
Let u(x) = -2*x**2 - 713*x - 19364. What is u(-27)?
-1571
Let c(b) = 8318*b + 582268. Determine c(-70).
8
Let k(t) = -26*t**2 + 136*t + 549. Give k(8).
-27
Let y(j) = 344*j**2 - 287*j - 3. Determine y(1).
54
Let d(h) = -h**2 + 44769*h - 179044. Calculate d(4).
16
Let m(h) = -h**3 + 21*h**2 - 458*h + 8748. Calculate m(20).
-12
Let n(g) = -2116*g + 698274. Determine n(330).
-6
Let z(v) = 13*v**2 - 221*v - 2466. Determine z(27).
1044
Let a(s) = 1257*s + 2426. Calculate a(-2).
-88
Let g(o) = -98*o + 827. What is g(9)?
-55
Let g(b) = b**2 - 55*b - 937. Determine g(-15).
113
Let r(b) = -20470*b - 19589780. Determine r(-957).
10
Let r(a) = 74*a + 13103. Calculate r(-178).
-69
Let g(u) = 14177*u + 212659. What is g(-15)?
4
Let p(h) = 489*h**2 - 88*h + 124. What is p(1)?
525
Let k(r) = -1379*r + 151695. Determine k(110).
5
Let d(p) = 3132*p + 6087. Calculate d(-2).
-177
Let a(u) = -4*u**2 - 639*u - 2136. What is a(-157)?
-409
Let g(t) = 3*t**3 + 326*t**2 - 8765*t + 1573. Give g(-131).
1
Let v(k) = 18*k**2 - 1177*k + 482. Calculate v(65).
27
Let o(g) = 6*g**3 - 4*g**2 + 17*g - 63. Determine o(3).
114
Let u(k) = -78*k**2 + 41*k - 31. Give u(-2).
-425
Let i(x) = -4*x**3 + 28*x**2 + 13*x - 97. What is i(0)?
-97
Let l(b) = 8*b**3 + 78*b**2 + 120*b + 11. Determine l(-9).
-583
Let r(k) = 2*k**3 - 49*k**2 + 418*k - 466. Give r(11).
865
Let h(c) = -189*c - 11028. Give h(-58).
-66
Let z(r) = -71626*r + 27. Give z(0).
27
Let f(p) = p**3 + 719*p**2 + 3571*p + 710. What is f(-714)?
-4
Let s(h) = -12*h**2 + 243*h + 3583. Determine s(-14).
-2171
Let n(q) = 106*q + 6369. Calculate n(-49).
1175
Let g(w) = 2*w**2 - 814*w + 16942. Calculate g(385).
2
Let f(z) = 65*z**2 - 286*z + 11. Determine f(6).
635
Let v(p) = -45*p**3 + 31*p**2 - 27*p - 79. Determine v(2).
-369
Let m(k) = k**3 - 84*k**2 + 1851*k - 7548. Determine m(50).
2
Let o(h) = h**3 + 30*h**2 + 4*h + 2169. Give o(-32).
-7
Let j(p) = -587*p**2 + 1657*p + 310. Determine j(3).
-2
Let h(w) = 220*w - 32951. Give h(150).
49
Let a(s) = 282*s + 19491. Determine a(-65).
1161
Let l(v) = 2*v**2 + 407*v - 6265. Give l(16).
759
Let l(u) = -954*u - 35341. What is l(-37)?
-43
Let m(y) = 150*y - 6184. Give m(44).
416
Let q(b) = -190699*b - 572125. Calculate q(-3).
-28
Let v(k) = -k**3 - 259*k**2 + 3250*k - 22. What is v(12)?
-46
